- 6. Suppose -3*b = -h*b - 39. List the prime factors of b.
3, 13
Let b be (-5)/2*44/(-5). Let h = -15 + b. Suppose 808 = -2*y + h*y + 4*g, 5*y = -g + 817. List the prime factors of y.
2, 41
Let w be 231/105 - 1/5. Suppose 3056 = w*g - 558. What are the prime factors of g?
13, 139
Suppose 4*i - 627 = -5*t, -t = -5*i + 200 + 620. Let f = -96 + i. Suppose 6*z = 101 + f. What are the prime factors of z?
2, 7
Suppose -15044 = -129*y - 46778. Let d = 313 - -132. Let i = y + d. What are the prime factors of i?
199
Suppose 178*i - 165*i = 118729. List the prime factors of i.
9133
Let v(x) = 53*x**2 - 16*x - 18. Let o be v(6). Let g = o - 1214. What are the prime factors of g?
2, 5, 29
Suppose 16 = 2*v + 4*m, 5*m - 10 - 4 = -v. Suppose -3*b + 878 = v*t - 239, -2*b = 2*t - 746. What are the prime factors of b?
3, 5
Suppose 44115 = 715*v - 700*v. List the prime factors of v.
17, 173
List the prime factors of ((-6 - 7) + 11)/(2/(-3 + -15923)).
2, 7963
Let t be -1*(-2 - 2) + (-41646)/(-22). Suppose -4*i + t = -5*h, -i + 1862 = 3*i + 2*h. What are the prime factors of i?
2, 3, 13
Suppose -f + 5*b = -19679, 0 = -2*f + 2*b + 24633 + 14709. What are the prime factors of f?
13, 17, 89
Let z(w) be the second derivative of 5/2*w**3 + 1/12*w**4 + 0 + 19*w + 19/2*w**2. List the prime factors of z(-17).
53
Suppose 3*o - 1 = -i, o - 7 = 9*i - 6*i. Let l = o + 38. What are the prime factors of l?
3, 13
Let k be ((-12)/(-3) - 2) + (1 - -1). Suppose 0 = -n - 2*n - z + 783, -k*n + 4*z + 1044 = 0. What are the prime factors of n?
3, 29
Suppose 3*n = 5 - 23. Let j(v) = -3*v**3 - 3*v**2 + 8*v + 31. List the prime factors of j(n).
523
Let g(m) be the second derivative of 3*m**4/4 + 5*m**3/6 - 6*m**2 + 3*m - 12. What are the prime factors of g(-6)?
2, 3, 47
Let z be (2/10)/((-4)/(-21380)). Suppose z + 3509 = 14*g. List the prime factors of g.
3, 109
Let w = -438 - -685. Suppose 2*g - s - w = 0, g + 2*s = -g + 262. What are the prime factors of g?
2, 3, 7
Let x(g) = 5*g - 13*g - 12*g + 61 + 3*g + 52*g**2. What are the prime factors of x(3)?
2, 239
Let w(q) = 4*q**2 + 30*q + 17. Let u be w(-7). Let p be -10*(-18)/45 + 177*u. Suppose -2*l + 258 = 3*d - 97, 3*l - p = -2*d. What are the prime factors of l?
179
Suppose -5*g - 2*r + 164356 = 0, 3*r = -75 + 54. List the prime factors of g.
2, 3, 5479
Suppose 148*n + 5*r = 149*n - 19317, n = -3*r + 19301. List the prime factors of n.
43, 449
Let z(g) = g**3 + 2*g**2 + 4*g - 2. Let h be z(-3). What are the prime factors of (-168 + 2/(-1))/(h/46)?
2, 5, 17
Suppose 159912 = -167*s + 179*s. What are the prime factors of s?
2, 3, 2221
Let i be 117/(-5) - (-6)/(-10). Let z(v) = -16*v + 245. What are the prime factors of z(i)?
17, 37
Suppose 0 = 3*h + 3*i - 41631, -2*h + 2652 + 25106 = 3*i. What are the prime factors of h?
13873
Suppose -49*s + 1130871 + 554633 = 15*s. List the prime factors of s.
2, 823
Suppose 2*t + 1964 = 2*s - 1962, -2*s + 3924 = -t. List the prime factors of s.
37, 53
Suppose -88*s + 85*s = 2*d - 83646, 0 = 2*s + 2*d - 55760. List the prime factors of s.
2, 73, 191
Suppose -50*u = -55*u + 480. Let v = u + 4. What are the prime factors of v?
2, 5
Let f(k) = -28*k - 17. Let l be f(-3). Suppose -66 - l = b. Let h = b - -245. List the prime factors of h.
2, 7
Suppose -132828 - 41040 = -14*p - 4762. What are the prime factors of p?
47, 257
List the prime factors of ((-1723309)/147 + 7/(-49))*-3.
2, 5, 3517
Let d(j) = -21*j**2 - 287*j - 17. List the prime factors of d(-13).
3, 5, 11
Suppose -5*d + 12 = -2*d. Let h be (-66)/(-44)*d/(-3). Let u(w) = -11*w**3 + 3*w + 1. List the prime factors of u(h).
83
Let c = -661 - -8039. What are the prime factors of c?
2, 7, 17, 31
What are the prime factors of (40397/21)/(7/126)?
2, 3, 29, 199
Let w be (2/3)/(50/225). Let r(c) = -c**2 + 5*c - 6. Let q be r(w). Suppose q = -7*x + 6*x + 21. List the prime factors of x.
3, 7
Suppose -185119 = -25*t + 204781. List the prime factors of t.
2, 7, 557
List the prime factors of ((-30001)/(-6) + 18/(-12))*(-9)/(-6).
2, 23, 163
Suppose 0 = -c + 2*x + 59 + 27, -x + 430 = 5*c. Suppose 5*k = 47 + 183. Let u = k + c. What are the prime factors of u?
2, 3, 11
Let d(p) = 30*p**3 - 11*p**2 + 31*p - 22. What are the prime factors of d(7)?
2, 4973
Let a(h) = -h**2 - h + 10. Let o be a(-7). Let r = 33 + o. What are the prime factors of (-910)/(-14)*(r - 2)/(-1)?
5, 13
Let i(v) = v + 7*v + 398*v**3 - v**2 - 2*v**2 - 2 - 4*v. List the prime factors of i(1).
397
Let b(d) = -d**3 - 16*d**2 + 9*d + 34. Let j be b(-13). Let t = 193 - j. List the prime factors of t.
3, 29
Let k be 335/(-4) + (-4)/16. Let b = -661 - -671. List the prime factors of (-5)/(b/k) - (21 + -20).
41
What are the prime factors of (0 + 74632/(-3))*(-183)/(-4636)*-57?
2, 3, 19, 491
Suppose -26*o + 29*o - 2*u + 437 = 0, 3*u - 293 = 2*o. Let n = 806 + -557. Let b = o + n. What are the prime factors of b?
2, 13
Let l = -800 - -2783. Suppose 0 = -11*s + 7*s - 3*x + l, s - 510 = 4*x. What are the prime factors of s?
2, 3, 83
Suppose -5*q - 3*q - q = 0. Suppose -n + 19 = 2*p - q*n, -n + 43 = 4*p. Suppose 3*y + 5*l = 271, -p - 8 = -4*l. List the prime factors of y.
2, 41
Let v = -3594 - -10944. List the prime factors of v.
2, 3, 5, 7
Let f = 16725 - 4740. What are the prime factors of f?
3, 5, 17, 47
List the prime factors of 20 + 14838 + (-51)/3.
3, 17, 97
Let q = 142 - -340. Let l be q/8 - 2/8. Suppose f - 6*f = -l. List the prime factors of f.
2, 3
Let u be (2/(-6))/(11/(-33)). Let y be (u - (4 - 409)) + 5. Let z = y + -289. List the prime factors of z.
2, 61
Suppose -3*q + 3 = 0, -f - 560*q = -558*q - 24. Suppose 2*z - 4*z = 3*t - 17, 15 = 5*t. Suppose 0 = z*l - f - 58. List the prime factors of l.
2, 5
Suppose 6*w - 15 = w. Suppose 4*y = 3*z + 20, -w*z - 23 = -y - 9. What are the prime factors of 3 + 57/(z/(-5 - -1))?
2, 3, 5
Let u(y) be the third derivative of -3*y**4/8 - 13*y**2 + 3. List the prime factors of u(-14).
2, 3, 7
List the prime factors of (0/((-4)/(-4)))/(-2) - -50353.
43, 1171
Let h(f) = -f**3 + 9*f**2 - 17*f + 20. Let j be h(12). Let u = 1589 + j. What are the prime factors of u?
7, 139
Suppose 6 = 3*x + 4*n - n, 0 = -3*x + 3*n - 12. Let v(m) = 3*m - 1. Let c be v(x). List the prime factors of ((-162)/c)/(2/4).
3
Let v be (1 - (-2)/(-3))*12. Suppose -h + 0*h - 2*p + v = 0, -2*h + 2*p = 4. Suppose -11*z + 16*z - 345 = h. List the prime factors of z.
3, 23
Suppose 2*m = -m + 3*o + 1707, 0 = 3*m + 4*o - 1707. Suppose 5*k + 5*s - 2105 = 0, -4*k - 3*s + 1118 + m = 0. What are the prime factors of k?
2, 53
Suppose -16*t + 17*t - 1660 = 0. What are the prime factors of t/6 - -6*2/36?
277
Suppose j - 4264 = -98. List the prime factors of j.
2, 2083
Let a(m) = 147*m + 555. List the prime factors of a(18).
3, 11, 97
Suppose -3*l - 194 = 247. Let h = 500 + l. What are the prime factors of h?
353
Let v be 14/((-14)/3) - (136 + -1). Let t = 142 + v. Suppose l - 252 = -t*d + 40, 2*l + 3*d = 589. List the prime factors of l.
2, 37
Let j = 3211 - 2284. Let s = 1534 - j. Let z = -418 + s. List the prime factors of z.
3, 7
Let l be -5 - (-63 - (-10)/5). Let g be 4/(3/(-27)*-3). Suppose -g = n - l. List the prime factors of n.
2, 11
Suppose 4*z + 3*g - 196 = -2*g, -5*z + 286 = -4*g. Let i = 102 - z. Suppose 6*s - 150 = i. What are the prime factors of s?
3, 11
Suppose 8*s - 2 = 7*s. Let j(w) = -w**2 + 6 + 2 + 3*w - s + w. What are the prime factors of j(3)?
3
Let s be 0/((-32)/12 + (-6)/(-9)). Suppose s = 3*k + n - 4802 + 792, 5320 = 4*k - 4*n. What are the prime factors of k?
3, 5, 89
Suppose 0 = 12*u - 19 - 209. Suppose -457 = -4*g + u. What are the prime factors of g?
7, 17
Let l(r) = 6*r**2 - 13*r + 82. List the prime factors of l(-23).
3, 5, 79
Let u = 193 + -190. Suppose -4*o = -a - 864 - 162, 4*o = u*a + 1030. List the prime factors of o.
2
Let u = 66300 + -37702. What are the prime factors of u?
2, 79, 181
Let i be (4/12*-3)/((-2)/202). Suppose j + m = -2*j + i, 74 = 2*j + 2*m. What are the prime factors of j/4 - (-1 - -4)?
5
Let f = 26230 + -5178. What are the prime factors of f?
2, 19, 277
Let j = 47 + -47. Suppose -3*d = -4*l - 860 - 46, -d + 3*l + 297 = j. List the prime factors of d.
2, 3, 17
Suppose -54981 = -58*l + 66703. List the prime factors of l.
2, 1049
Suppose 0 = -3*w + 9